{"id":3190,"date":"2020-06-29T09:36:07","date_gmt":"2020-06-29T07:36:07","guid":{"rendered":"https:\/\/teslaquila.beer\/?page_id=3190"},"modified":"2023-09-08T19:18:41","modified_gmt":"2023-09-08T17:18:41","slug":"law-2","status":"publish","type":"page","link":"https:\/\/teslaquila.beer\/?page_id=3190","title":{"rendered":"Original Gold"},"content":{"rendered":"<div class=\"vc_row wpb_row vc_row-fluid\"><div class=\"wpb_column vc_column_container vc_col-sm-12\"><div class=\"vc_column-inner\"><div class=\"wpb_wrapper\">\n\t<div class=\"wpb_text_column wpb_content_element  vcfnt_fontfamily_biorhyme_fontsize_25 \" >\n\t\t<div class=\"wpb_wrapper\">\n\t\t\t<div style=\"text-align: center;\">\n<h4><span style=\"color: #97cccd;\">ORIGINAL GOLD<\/span><\/h4>\n<h4><span style=\"color: #97cccd;\">DOUCE &amp; RAFRA\u00ceCHISSANTE<br \/>\n<\/span><\/h4>\n<\/div>\n\n\t\t<\/div>\n\t<\/div>\n<div class=\"vc_empty_space\"   style=\"height: 32px\"><span class=\"vc_empty_space_inner\"><\/span><\/div>\n\t<div class=\"wpb_text_column wpb_content_element  vcfnt_fontfamily_biorhyme_fontsize_16 \" >\n\t\t<div class=\"wpb_wrapper\">\n\t\t\t<p style=\"text-align: justify;\">La Teslaquila Original Gold est une d\u00e9licieuse bi\u00e8re blonde, ayant une belle personnalit\u00e9. Elle est \u00e9labor\u00e9e avec soin \u00e0 partir des meilleurs ingr\u00e9dients, dont un sirop issu de l\u2019agave americana et\/ ou tequilana, et m\u00eame un soup\u00e7on d\u2019ang\u00e9lique. Elle est brass\u00e9e dans la meilleure tradition hors du Mexique et ne contient, ni produits chimiques, ni mezcal, ni tequila, ni ar\u00f4mes les rappelant. Elle est produite en fermentation basse et laiss\u00e9e \u00e0 maturer quinze jours avant d&#8217;\u00eatre tir\u00e9e et embouteill\u00e9e. Et enfin, pour lui assurer toutes les qualit\u00e9s gustatives qui font sa r\u00e9putation, elle n&#8217;est, ni filtr\u00e9e m\u00e9caniquement, ni pasteuris\u00e9e.<\/p>\n\n\t\t<\/div>\n\t<\/div>\n<div class=\"vc_empty_space\"   style=\"height: 32px\"><span class=\"vc_empty_space_inner\"><\/span><\/div><figure class=\"sc_image  sc_image_shape_square\"><img decoding=\"async\" src=\"https:\/\/teslaquila.beer\/wp-content\/uploads\/2020\/06\/image-centrale-gold.jpg\" alt=\"\" \/><\/figure><div class=\"vc_empty_space\"   style=\"height: 32px\"><span class=\"vc_empty_space_inner\"><\/span><\/div>\n\t<div class=\"wpb_text_column wpb_content_element  vcfnt_fontfamily_biorhyme_fontsize_25 \" >\n\t\t<div class=\"wpb_wrapper\">\n\t\t\t<h4 style=\"text-align: center;\"><span style=\"color: #97cccd;\">FAITES-LA REFROIDIR<\/span><\/h4>\n<div><\/div>\n<p style=\"text-align: center;\"><span style=\"color: #f39e7d;\">\u00a0<\/span><\/p>\n\n\t\t<\/div>\n\t<\/div>\n\n\t<div class=\"wpb_text_column wpb_content_element  vcfnt_fontfamily_biorhyme_fontsize_16 \" >\n\t\t<div class=\"wpb_wrapper\">\n\t\t\t<p style=\"text-align: justify;\">Il faut habituellement compter entre trente minutes (au cong\u00e9lateur) et plusieurs heures (au r\u00e9frig\u00e9rateur) pour qu&#8217;elle soit \u00e0 la bonne temp\u00e9rature (environ trois degr\u00e9s celsius). Mais la mani\u00e8re la plus rapide de refroidir votre bi\u00e8re est de la placer dans une glaci\u00e8re contenant de l&#8217;eau et des gla\u00e7ons (avec cette m\u00e9thode, l&#8217;\u00e9change thermique est plus rapide). Apr\u00e8s avoir mis l&#8217;eau froide et les gla\u00e7ons, attendez une heure ou plus avant de placer la bi\u00e8re dans la glaci\u00e8re. Faites-le quand les gla\u00e7ons ont commenc\u00e9 \u00e0 fondre.<\/p>\n\n\t\t<\/div>\n\t<\/div>\n<div class=\"vc_empty_space\"   style=\"height: 32px\"><span class=\"vc_empty_space_inner\"><\/span><\/div><\/div><\/div><\/div><\/div><div class=\"vc_row wpb_row vc_row-fluid\"><div class=\"wpb_column vc_column_container vc_col-sm-6\"><div class=\"vc_column-inner\"><div class=\"wpb_wrapper\"><figure class=\"sc_image  sc_image_shape_square\"><img decoding=\"async\" src=\"https:\/\/teslaquila.beer\/wp-content\/uploads\/2020\/06\/2.jpg\" alt=\"\" \/><\/figure><\/div><\/div><\/div><div class=\"wpb_column vc_column_container vc_col-sm-6\"><div class=\"vc_column-inner\"><div class=\"wpb_wrapper\"><figure class=\"sc_image  sc_image_shape_square\"><img decoding=\"async\" src=\"https:\/\/teslaquila.beer\/wp-content\/uploads\/2020\/06\/1.jpg\" alt=\"\" \/><\/figure><\/div><\/div><\/div><\/div><div class=\"vc_row wpb_row vc_row-fluid\"><div class=\"wpb_column vc_column_container vc_col-sm-12\"><div class=\"vc_column-inner\"><div class=\"wpb_wrapper\"><div class=\"vc_empty_space\"   style=\"height: 32px\"><span class=\"vc_empty_space_inner\"><\/span><\/div>\n\t<div class=\"wpb_text_column wpb_content_element  vcfnt_fontfamily_biorhyme_fontsize_25 \" >\n\t\t<div class=\"wpb_wrapper\">\n\t\t\t<div style=\"text-align: center;\">\n<h4><span style=\"color: #97cccd;\">BUVEZ-LA SELON LA TRADITION<\/span><\/h4>\n<\/div>\n\n\t\t<\/div>\n\t<\/div>\n<div class=\"vc_empty_space\"   style=\"height: 32px\"><span class=\"vc_empty_space_inner\"><\/span><\/div>\n\t<div class=\"wpb_text_column wpb_content_element  vcfnt_fontfamily_biorhyme_fontsize_16 \" >\n\t\t<div class=\"wpb_wrapper\">\n\t\t\t<p style=\"text-align: justify;\">Retirez la capsule, prenez un quartier de citron vert et pressez-le pour faire couler le jus dans la bouteille, puis faites-le p\u00e9n\u00e9trer en le poussant doucement.<\/p>\n<p style=\"text-align: justify;\">Pour que le jus de citron se m\u00e9lange bien avec la bi\u00e8re, mettez votre pouce sur le dessus et retournez lentement la bouteille deux fois.<\/p>\n\n\t\t<\/div>\n\t<\/div>\n<div class=\"vc_empty_space\"   style=\"height: 32px\"><span class=\"vc_empty_space_inner\"><\/span><\/div>\n\t<div class=\"wpb_text_column wpb_content_element  vcfnt_fontfamily_biorhyme_fontsize_25 \" >\n\t\t<div class=\"wpb_wrapper\">\n\t\t\t<h4 style=\"text-align: center;\"><span style=\"color: #97cccd;\">BUVEZ-LA EN COCKTAIL<\/span><\/h4>\n<div><\/div>\n<p style=\"text-align: center;\"><span style=\"color: #f39e7d;\">\u00a0<\/span><\/p>\n\n\t\t<\/div>\n\t<\/div>\n\n\t<div class=\"wpb_text_column wpb_content_element  vcfnt_fontfamily_biorhyme_fontsize_16 \" >\n\t\t<div class=\"wpb_wrapper\">\n\t\t\t<p style=\"text-align: justify;\">Prenez un grand verre, un mixeur ou un petit verre \u00e0 shots si vous souhaitez go\u00fbter la pr\u00e9paration, et versez y les ingr\u00e9dients suivants : une demi Teslaquila Orignal Gold, du jus de citron vert, du Tabasco McIlhenny, du sel et du jus de tomates l\u00e9g\u00e8rement relev\u00e9 avec du poivre. Vous aurez cr\u00e9\u00e9 un m\u00e9lange d\u00e9tonant et \u00e9tonnant qui vous surprendra.<\/p>\n<p style=\"text-align: justify;\">Dans le cas o\u00f9 vous d\u00e9cideriez d&#8217;ajouter seulement deux des ingr\u00e9dients ci-dessus, vous pouvez retirer un peu de bi\u00e8re et les ajouter directement dans la bouteille.<\/p>\n<p style=\"text-align: justify;\">Si la bi\u00e8re n&#8217;est pas suffisamment froide ou si elle se r\u00e9chauffe, n\u2019h\u00e9sitez pas \u00e0 ajouter quelques gla\u00e7ons dans le verre ou dans le mixeur.<\/p>\n\n\t\t<\/div>\n\t<\/div>\n<div class=\"vc_empty_space\"   style=\"height: 32px\"><span class=\"vc_empty_space_inner\"><\/span><\/div>\n\t<div class=\"wpb_text_column wpb_content_element  vcfnt_fontfamily_biorhyme_fontsize_35 \" >\n\t\t<div class=\"wpb_wrapper\">\n\t\t\t<h4 style=\"text-align: center;\"><span style=\"color: #232b2d;\">CHEERS !<\/span><\/h4>\n<p style=\"text-align: justify;\"><span style=\"color: #232b2d;\">\u00a0<\/span><\/p>\n\n\t\t<\/div>\n\t<\/div>\n<\/div><\/div><\/div><\/div><div class=\"vc_row wpb_row vc_row-fluid\"><div class=\"wpb_column vc_column_container vc_col-sm-12\"><div class=\"vc_column-inner\"><div class=\"wpb_wrapper\"><figure class=\"sc_image  sc_image_shape_square\"><img decoding=\"async\" src=\"https:\/\/teslaquila.beer\/wp-content\/uploads\/2020\/06\/4.jpg\" alt=\"\" \/><\/figure><\/div><\/div><\/div><\/div><div class=\"vc_row wpb_row vc_row-fluid\"><div class=\"wpb_column vc_column_container vc_col-sm-3\"><div class=\"vc_column-inner\"><div class=\"wpb_wrapper\"><div class=\"vc_empty_space\"   style=\"height: 32px\"><span class=\"vc_empty_space_inner\"><\/span><\/div><\/div><\/div><\/div><div class=\"wpb_column vc_column_container vc_col-sm-6\"><div class=\"vc_column-inner\"><div class=\"wpb_wrapper\"><div class=\"vc_empty_space\"   style=\"height: 32px\"><span class=\"vc_empty_space_inner\"><\/span><\/div>\n\t<div class=\"wpb_text_column wpb_content_element  vcfnt_fontfamily_biorhyme_fontsize_25 \" >\n\t\t<div class=\"wpb_wrapper\">\n\t\t\t<div style=\"text-align: center;\">\n<h4><span style=\"color: #97cccd;\">THE BRILLIANT BEER<\/span><\/h4>\n<h4><span style=\"color: #97cccd;\">TESLAQUILA ILLUMINE VOS SOIR\u00c9ES<\/span><\/h4>\n<\/div>\n\n\t\t<\/div>\n\t<\/div>\n<div class=\"vc_empty_space\"   style=\"height: 32px\"><span class=\"vc_empty_space_inner\"><\/span><\/div><figure class=\"sc_image  sc_image_shape_square\" data-animation=\"animated fadeIn normal\"><img decoding=\"async\" src=\"https:\/\/teslaquila.beer\/wp-content\/uploads\/2020\/07\/BRILLIANT-BEER.png\" alt=\"\" \/><\/figure><\/div><\/div><\/div><div class=\"wpb_column vc_column_container vc_col-sm-3\"><div class=\"vc_column-inner\"><div class=\"wpb_wrapper\"><div class=\"vc_empty_space\"   style=\"height: 32px\"><span class=\"vc_empty_space_inner\"><\/span><\/div><\/div><\/div><\/div><\/div><div class=\"vc_row wpb_row vc_row-fluid\"><div class=\"wpb_column vc_column_container vc_col-sm-12\"><div class=\"vc_column-inner\"><div class=\"wpb_wrapper\"><div class=\"vc_empty_space\"   style=\"height: 32px\"><span class=\"vc_empty_space_inner\"><\/span><\/div><figure class=\"sc_image  sc_image_shape_square\" data-animation=\"animated fadeIn normal\"><img decoding=\"async\" src=\"https:\/\/teslaquila.beer\/wp-content\/uploads\/2020\/06\/element-1-IPA1.png\" alt=\"\" \/><\/figure><\/div><\/div><\/div><\/div>\n","protected":false},"excerpt":{"rendered":"ORIGINAL GOLD DOUCE &amp; RAFRA\u00ceCHISSANTE La Teslaquila Original Gold est une d\u00e9licieuse bi\u00e8re blonde, ayant une belle personnalit\u00e9. Elle est \u00e9labor\u00e9e avec soin \u00e0 partir des meilleurs ingr\u00e9dients, dont un [...]","protected":false},"author":1,"featured_media":0,"parent":0,"menu_order":0,"comment_status":"closed","ping_status":"closed","template":"","meta":{"footnotes":""},"class_list":["post-3190","page","type-page","status-publish","hentry"],"yoast_head":"<!-- This site is optimized with the Yoast SEO plugin v25.9 - https:\/\/yoast.com\/wordpress\/plugins\/seo\/ -->\n<title>Original Gold - Teslaquila<\/title>\n<meta name=\"robots\" content=\"index, follow, max-snippet:-1, max-image-preview:large, max-video-preview:-1\" \/>\n<link rel=\"canonical\" href=\"https:\/\/teslaquila.beer\/?page_id=3190\" \/>\n<meta property=\"og:locale\" content=\"fr_FR\" \/>\n<meta property=\"og:type\" content=\"article\" \/>\n<meta property=\"og:title\" content=\"Original Gold - Teslaquila\" \/>\n<meta property=\"og:url\" content=\"https:\/\/teslaquila.beer\/?page_id=3190\" \/>\n<meta property=\"og:site_name\" content=\"Teslaquila\" \/>\n<meta property=\"article:modified_time\" content=\"2023-09-08T17:18:41+00:00\" \/>\n<meta name=\"twitter:card\" content=\"summary_large_image\" \/>\n<meta name=\"twitter:label1\" content=\"Dur\u00e9e de lecture estim\u00e9e\" \/>\n\t<meta name=\"twitter:data1\" content=\"3 minutes\" \/>\n<script type=\"application\/ld+json\" class=\"yoast-schema-graph\">{\"@context\":\"https:\/\/schema.org\",\"@graph\":[{\"@type\":\"WebPage\",\"@id\":\"https:\/\/teslaquila.beer\/?page_id=3190\",\"url\":\"https:\/\/teslaquila.beer\/?page_id=3190\",\"name\":\"Original Gold - Teslaquila\",\"isPartOf\":{\"@id\":\"https:\/\/teslaquila.beer\/#website\"},\"datePublished\":\"2020-06-29T07:36:07+00:00\",\"dateModified\":\"2023-09-08T17:18:41+00:00\",\"breadcrumb\":{\"@id\":\"https:\/\/teslaquila.beer\/?page_id=3190#breadcrumb\"},\"inLanguage\":\"fr-FR\",\"potentialAction\":[{\"@type\":\"ReadAction\",\"target\":[\"https:\/\/teslaquila.beer\/?page_id=3190\"]}]},{\"@type\":\"BreadcrumbList\",\"@id\":\"https:\/\/teslaquila.beer\/?page_id=3190#breadcrumb\",\"itemListElement\":[{\"@type\":\"ListItem\",\"position\":1,\"name\":\"Accueil\",\"item\":\"https:\/\/teslaquila.beer\/\"},{\"@type\":\"ListItem\",\"position\":2,\"name\":\"Original Gold\"}]},{\"@type\":\"WebSite\",\"@id\":\"https:\/\/teslaquila.beer\/#website\",\"url\":\"https:\/\/teslaquila.beer\/\",\"name\":\"Teslaquila\",\"description\":\"\",\"potentialAction\":[{\"@type\":\"SearchAction\",\"target\":{\"@type\":\"EntryPoint\",\"urlTemplate\":\"https:\/\/teslaquila.beer\/?s={search_term_string}\"},\"query-input\":{\"@type\":\"PropertyValueSpecification\",\"valueRequired\":true,\"valueName\":\"search_term_string\"}}],\"inLanguage\":\"fr-FR\"}]}<\/script>\n<!-- \/ Yoast SEO plugin. -->","yoast_head_json":{"title":"Original Gold - Teslaquila","robots":{"index":"index","follow":"follow","max-snippet":"max-snippet:-1","max-image-preview":"max-image-preview:large","max-video-preview":"max-video-preview:-1"},"canonical":"https:\/\/teslaquila.beer\/?page_id=3190","og_locale":"fr_FR","og_type":"article","og_title":"Original Gold - Teslaquila","og_url":"https:\/\/teslaquila.beer\/?page_id=3190","og_site_name":"Teslaquila","article_modified_time":"2023-09-08T17:18:41+00:00","twitter_card":"summary_large_image","twitter_misc":{"Dur\u00e9e de lecture estim\u00e9e":"3 minutes"},"schema":{"@context":"https:\/\/schema.org","@graph":[{"@type":"WebPage","@id":"https:\/\/teslaquila.beer\/?page_id=3190","url":"https:\/\/teslaquila.beer\/?page_id=3190","name":"Original Gold - Teslaquila","isPartOf":{"@id":"https:\/\/teslaquila.beer\/#website"},"datePublished":"2020-06-29T07:36:07+00:00","dateModified":"2023-09-08T17:18:41+00:00","breadcrumb":{"@id":"https:\/\/teslaquila.beer\/?page_id=3190#breadcrumb"},"inLanguage":"fr-FR","potentialAction":[{"@type":"ReadAction","target":["https:\/\/teslaquila.beer\/?page_id=3190"]}]},{"@type":"BreadcrumbList","@id":"https:\/\/teslaquila.beer\/?page_id=3190#breadcrumb","itemListElement":[{"@type":"ListItem","position":1,"name":"Accueil","item":"https:\/\/teslaquila.beer\/"},{"@type":"ListItem","position":2,"name":"Original Gold"}]},{"@type":"WebSite","@id":"https:\/\/teslaquila.beer\/#website","url":"https:\/\/teslaquila.beer\/","name":"Teslaquila","description":"","potentialAction":[{"@type":"SearchAction","target":{"@type":"EntryPoint","urlTemplate":"https:\/\/teslaquila.beer\/?s={search_term_string}"},"query-input":{"@type":"PropertyValueSpecification","valueRequired":true,"valueName":"search_term_string"}}],"inLanguage":"fr-FR"}]}},"_links":{"self":[{"href":"https:\/\/teslaquila.beer\/index.php?rest_route=\/wp\/v2\/pages\/3190","targetHints":{"allow":["GET"]}}],"collection":[{"href":"https:\/\/teslaquila.beer\/index.php?rest_route=\/wp\/v2\/pages"}],"about":[{"href":"https:\/\/teslaquila.beer\/index.php?rest_route=\/wp\/v2\/types\/page"}],"author":[{"embeddable":true,"href":"https:\/\/teslaquila.beer\/index.php?rest_route=\/wp\/v2\/users\/1"}],"replies":[{"embeddable":true,"href":"https:\/\/teslaquila.beer\/index.php?rest_route=%2Fwp%2Fv2%2Fcomments&post=3190"}],"version-history":[{"count":30,"href":"https:\/\/teslaquila.beer\/index.php?rest_route=\/wp\/v2\/pages\/3190\/revisions"}],"predecessor-version":[{"id":3374,"href":"https:\/\/teslaquila.beer\/index.php?rest_route=\/wp\/v2\/pages\/3190\/revisions\/3374"}],"wp:attachment":[{"href":"https:\/\/teslaquila.beer\/index.php?rest_route=%2Fwp%2Fv2%2Fmedia&parent=3190"}],"curies":[{"name":"wp","href":"https:\/\/api.w.org\/{rel}","templated":true}]}}